.
-17
Let p(b) = b**3 - 6*b**2 - 19*b + 12. Give p(8).
-12
Let i(l) = 30*l - 44. Determine i(-7).
-254
Let f(z) = -z**2 - z + 6. Determine f(4).
-14
Let y(i) = i**3 + 6*i**2 - 3*i + 3. Give y(-6).
21
Let b(d) = -2*d**3 - 14*d**2 - d - 15. Determine b(-7).
-8
Let y(d) = 41*d - 3. Calculate y(1).
38
Let s(j) = -j**3 + 27*j**2 + 31*j - 67. Calculate s(28).
17
Let g(p) = p + 20. Give g(0).
20
Let m(z) = z**2 - 8*z - 16. Determine m(9).
-7
Let a(y) = -y + 14. What is a(-9)?
23
Let v(x) = 2*x**2 + 12*x + 2. Determine v(-8).
34
Let f(k) = 4*k + 70. Give f(0).
70
Let z(k) = -k**3 + 6*k**2 + 9*k - 14. Give z(7).
0
Let r(f) = -2*f - 7. Determine r(10).
-27
Let m(z) = -7*z - 16. What is m(-5)?
19
Let i(m) = -m**2 + 8*m + 4. Determine i(8).
4
Let k(p) = 14*p - 24. Give k(9).
102
Let i(x) = -x**2 - 3*x + 3. Calculate i(-8).
-37
Let t(o) = o**2 - 3*o - 46. Determine t(-5).
-6
Let f(b) = 4*b - 25. Calculate f(5).
-5
Let z(x) = -x**3 + 6*x**2 - 3*x - 3. What is z(3)?
15
Let t(v) = v**2 - 18*v + 46. Give t(15).
1
Let j(r) = r**3 - 6*r**2 - 7*r + 15. Give j(6).
-27
Let j(x) = -2*x - 1. What is j(3)?
-7
Let l(h) = -4*h**2 + h + 1. What is l(-3)?
-38
Let l(m) = -m**2 + 19*m + 10. What is l(18)?
28
Let y(f) = 3*f**2 - 7*f + 6. Calculate y(4).
26
Let i(v) = -v**3 + 8*v**2 - 10*v + 13. Determine i(6).
25
Let r(j) = -6*j**2 + 2*j + 2. Give r(3).
-46
Let m(v) = 2*v**3 + 70*v**2 + 69*v + 17. What is m(-34)?
-17
Let a(r) = -3*r**2 + 9*r + 4. Determine a(3).
4
Let z(j) = -j + 12. Give z(-5).
17
Let c(j) = 7*j - 4. Calculate c(-6).
-46
Let g(x) = -x**2 + 8. Give g(6).
-28
Let m(o) = o**2 + 14*o + 13. Determine m(-10).
-27
Let g(p) = -p**2 + 11*p - 11. Calculate g(8).
13
Let j(k) = -2*k**2 - 7*k - 7. Calculate j(-4).
-11
Let t(y) = y**3 + 11*y**2 - 11*y + 11. Determine t(-12).
-1
Let f(z) = 2*z - 15. Give f(-9).
-33
Let i(d) = -d - 7. What is i(-5)?
-2
Let o(l) = 68*l + 2. Calculate o(-1).
-66
Let b(z) = 3*z**2 - 14*z + 3. Give b(1).
-8
Let k(y) = -y**3 + 6*y**2 - 3*y - 7. What is k(5)?
3
Let p(m) = m**2 + 4*m - 14. What is p(-6)?
-2
Let s(u) = -u**3 + 11*u**2 - 9*u - 15. What is s(10)?
-5
Let g(x) = x**3 + 6*x**2 + 9*x + 5. Give g(-4).
1
Let k(p) = -p**2 - 11*p - 13. Calculate k(-8).
11
Let a(z) = -2*z. Give a(-1).
2
Let g(m) = -m**2 + 37. Calculate g(0).
37
Let q(k) = -k**3 - 14*k**2 + 21*k + 5. Determine q(-16).
181
Let q(g) = -g**3 - 20*g**2 + 19*g - 34. What is q(-21)?
8
Let k(o) = o**2 + 12*o + 5. Give k(-12).
5
Let x(r) = -r**3 - 5*r**2 + 9*r + 3. What is x(-6)?
-15
Let s(a) = a**3 + 27*a**2 - 29*a - 28. Determine s(-28).
0
Let l(v) = 6*v**2. Calculate l(-1).
6
Let s(o) = -o**3 - 7*o**2 - 11*o + 3. Calculate s(-6).
33
Let g(z) = -5*z + 4. Give g(3).
-11
Let b(q) = -q**2 - 10*q + 7. Give b(-6).
31
Let q(n) = -n**3 + 19*n**2 - 2*n + 9. What is q(19)?
-29
Let a(n) = n**2 + 2*n + 9. Calculate a(-3).
12
Let y(m) = -m**2 + 10*m - 20. Calculate y(8).
-4
Let f(r) = -2*r + 21. Give f(5).
11
Let u(q) = 3*q - 14. Calculate u(4).
-2
Let p(b) = -123*b**3 - b**2 - b. What is p(-1)?
123
Let i(j) = -j**2 + 23*j + 85. Give i(26).
7
Let m(q) = q**2 + 12*q + 7. Determine m(-9).
-20
Let o(t) = t**2 - 3*t + 3. Give o(6).
21
Let p(i) = 2*i + 9. What is p(0)?
9
Let a(o) = 22*o - 2. Calculate a(-2).
-46
Let o(q) = q**2 + q + 7. Calculate o(0).
7
Let g(k) = -k**3 + 5*k**2 + 10*k - 8. Determine g(7).
-36
Let w(a) = -6*a + 1. What is w(1)?
-5
Let k(x) = -5*x + 3. Calculate k(0).
3
Let s(m) = 8*m + 3. Give s(-2).
-13
Let l(m) = -m**3 - 7*m**2 - 2*m - 15. Determine l(-8).
65
Let g(w) = -39*w - 1. Calculate g(-1).
38
Let z(n) = 2*n**2 + 24*n + 4. What is z(-13)?
30
Let p(k) = k**2 - 3*k - 5. What is p(4)?
-1
Let p(x) = -x**2 + 16*x - 3. Give p(7).
60
Let l(j) = j**2 + 9*j - 43. Calculate l(-15).
47
Let u(i) = -4*i + 4. What is u(3)?
-8
Let h(f) = -f**3 + 3*f**2 + 4*f - 1. Determine h(5).
-31
Let b(x) = -2*x**2 - 120*x + 357. Calculate b(-63).
-21
Let n(z) = -z**2 + 2*z - 2. What is n(1)?
-1
Let p(j) = -3*j**3 + j**2 + 3*j + 4. Give p(3).
-59
Let a(y) = -y**2 + 23*y - 8. Calculate a(23).
-8
Let q(o) = 2*o**3 - 3*o - 3. Calculate q(3).
42
Let g(v) = -6*v - 2. Calculate g(2).
-14
Let g(y) = -2*y**2 + 3*y + 4. Determine g(-1).
-1
Let c(h) = -h**2 + 12*h + 4. What is c(7)?
39
Let y(d) = d**3 + d**2 + 2*d - 7. Calculate y(2).
9
Let i(o) = o**2 - o - 6. Calculate i(0).
-6
Let b(n) = 2*n**2 + 7*n + 2. What is b(-5)?
17
Let f(t) = -t**2 + 8*t + 1. Give f(8).
1
Let f(m) = m**3 - 9*m**2 - m - 3. Determine f(9).
-12
Let i(m) = m**3 + 9*m**2 + 10*m + 15. Calculate i(-8).
-1
Let p(k) = -4*k**3 + 3*k**2 + 5*k - 3. What is p(3)?
-69
Let w(k) = k + 11. Determine w(-6).
5
Let q(j) = -j**3 + 9*j**2 - 4*j + 18. What is q(9)?
-18
Let c(u) = u**3 - 16*u**2 + 19*u - 51. Determine c(15).
9
Let q(l) = l**3 + l**2 + 9*l - 6. Give q(0).
-6
Let q(g) = -g**3 + 13*g**2 - 14*g + 5. Calculate q(12).
-19
Let t(c) = -c**3 + 4*c**2 + c - 4. What is t(5)?
-24
Let i(j) = -j**2 - 2*j + 54. Give i(-7).
19
Let l(y) = y**3 + 6*y**2 - 3*y - 14. Calculate l(-6).
4
Let b(r) = -178*r - 529. What is b(-3)?
5
Let a(w) = -22*w**2 + 3*w - 1. Calculate a(1).
-20
Let q(o) = -6*o - 26. What is q(-4)?
-2
Let u(h) = h**2 + 6*h + 5. Calculate u(-2).
-3
Let g(j) = -2*j**2 - 20*j + 13. Determine g(-15).
-137
Let x(o) = -7*o + 25. Determine x(0).
25
Let k(a) = -4*a - 87. Give k(-22).
1
Let c(l) = 2*l + 3. Determine c(-6).
-9
Let h(p) = 2*p**2 + 39*p - 28. Calculate h(-20).
-8
Let d(h) = h**3 - 2*h**2 - 13*h + 9. Give d(4).
-11
Let l(m) = -8*m**2 + 49*m + 125. What is l(8)?
5
Let u(g) = g**2 + 5*g - 30. Determine u(-8).
-6
Let r(h) = h**2 + 7*h + 14. What is r(-4)?
2
Let c(l) = -59*l - 527. What is c(-9)?
4
Let d(c) = -c + 24. Give d(19).
5
Let s(x) = x**3 - 13*x**2 + 6*x + 22. Give s(12).
-50
Let k(n) = 2*n**2 + 39*n + 20. Determine k(-19).
1
Let w(t) = 24*t + 17. Give w(-4).
-79
Let q(x) = x**2 - 4*x - 358. Determine q(-17).
-1
Let n(f) = f**2 - 2*f - 6. Give n(-3).
9
Let j(y) = y**3 + 31*y**2 + 20*y - 310. Determine j(-30).
-10
Let v(w) = -w**3 + 9*w**2 + 13*w - 18. Determine v(10).
12
Let n(a) = 2*a**3 - a**2 + 4*a - 3. Determine n(2).
17
Let z(l) = -22*l - 360. Determine z(-16).
-8
Let t(o) = -o**3 - 5*o**2 + 6*o - 4. Determine t(-7).
52
Let m(i) = i**3 - 5*i**2 - 4*i - 12. Determine m(6).
0
Let n(q) = 3*q**2 + 2*q - 2. Determine n(2).
14
Let j(r) = -34*r**2 + r. Calculate j(1).
-33
Let v(m) = 65*m**3 + 2*m**2 - m. Give v(1).
66
Let n(i) = i**3 - 26*i**2 + 25*i + 6. Calculate n(25).
6
Let y(p) = p - 35. What is y(19)?
-16
Let l(a) = a**2 - 5*a - 2. Calculate l(7).
12
Let y(n) = -n**3 - 5*n**2 - 3*n + 9. Determine y(-3).
0
Let g(a) = a + 32. What is g(-10)?
22
Let s(h) = -3*h**2 - 6*h + 9. Give s(-3).
0
Let j(y) = -7*y + 35. What is j(-9)?
98
Let u(z) = -5*z - 1. What is u(8)?
-41
Let x(v) = v**2 - 6*v - 1. Calculate x(6).
-1
Let q(o) = o + 4. What is q(7)?
11
Let r(x) = -x**3 - 25*x**2 - 4*x - 100. Give r(-25).
0
Let p(d) = 18*d + 28. Determine p(-7).
-98
Let y(f) = 22*f - 844. Give y(38).
-8
Let f(k) = -20*k**2 + 5*k + 4. Give f(-1).
-21
Let p(r) = -r**3 - 11*r**2 + 30*r - 19. Give p(-13).
-71
Let y(p) = -p**3 - 5*p**2 + 22*p + 32. Calculate y(-7).
-24
Let r(q) = 290*q - 287. What is r(1)?
3
Let o(f) = f**3 + f**2 - 6*f - 4. Calculate o(3).
14
Let l(b) = -b**3 + 18*b**2 - 4*b + 37. What is l(18)?
-35
Let b(t) = t + 10. Give b(5).
15
Let g(k) = k**3 - 11*k**2 - 27*k + 13. Calculate g(13).
0
Let n(m) = -m**2 - 21*m - 44. What is n(-18)?
10
Let r(g) = g**2 + 15*g - 14. Give r(-17).
20
Let b(g) = 33*g - 60. Give b(2).
6
Let g(f) = -f**3 + 9*f**2 + 3*f - 8. Determine g(9).
19
Let g(v) = -21*v - 138. Determine g(-6).
-12
Let a(k) = k + 14. Determine a(-3).
11
Let i(a) = -a + 9. Give i(6).
3
Let n(r) = -31*r**2 + 187*r - 2. Determine n(6).
4
Let m(b) = -46*b**3 - 3*b**2 + 2*b - 1. What is m(1)?
-48
Let d(n) = 5*n**3 - n**2 - 4*n + 4. Determine d(2).
32
Let s(m) = -2*m**2 - m. Determine s(-4).
-28
Let j(s) = s**2 + 5*s - 8. Determine j(3).
16
Let p(d) = -8*d + 69. Give p(12).
-27
Let b(j) = -j**2 - 26*j - 69. What is b(-22)?
19
Let a(t) = -t**3 - 7*t**2 + 23*t - 63. Determine a(-10).
7
Let c(w) = w**3 - 12*w**2 - 15*w - 21. What is c(13)?
-47
Let z(o) = -o**2 + 7. Determine z(0).
7
Let h(r) = r**3 - 20*r**2 - 3. Determine h(20).
-3
Let x(p) = -p**3 -